b + 7820. List the prime factors of i.
3, 7, 31
Let i = 41 + -57. Let b = -136 - -142. List the prime factors of ((-84)/i)/1*80/b.
2, 5, 7
Suppose -107070 = 669*v - 675*v. List the prime factors of v.
5, 43, 83
Let j = 15 - 4. Suppose -2*f + 11 = j. Suppose -2*s + 34 + 92 = f. List the prime factors of s.
3, 7
Suppose -19*o - 160*o + 528587 = 0. List the prime factors of o.
2953
Suppose 0 = 5*s, 384 = 3*a - 5*s + 8*s. Let n = 832 - a. List the prime factors of n.
2, 11
Let s be 35/11 - 18/99. Suppose -3*x + 825 = s*m, -3*m + 3*x = 182 - 977. List the prime factors of m.
2, 3, 5
Let o = -13366 + 16664. List the prime factors of o.
2, 17, 97
List the prime factors of 21/42 + 263160/16.
2, 257
Suppose -4*v = 2*d + 24, -3*d - 3*v - 12 = 12. Let j be -4*(d - 68/(-16))*-3. Suppose -q - 240 = -3*i - 32, 2*q - 214 = -j*i. What are the prime factors of i?
2, 5, 7
Let b = 16 - 11. Suppose 0 = -3*n + 5*k + 7, -3*k - 3 = -b*n - 2. What are the prime factors of (-55)/(n*4/4)?
5, 11
Let r(w) be the second derivative of w**5/20 + w**4/4 - 2*w**3/3 + w**2/2 + 4*w. Let j be r(-3). Let d = j - -36. What are the prime factors of d?
7
Suppose 4*q = -3*r - 239 + 5804, -5*q = 2*r - 6958. List the prime factors of q.
2, 3, 29
Let o(s) = 3*s + 44. Let m = 48 - 68. Let v be o(m). Let r = 202 - v. List the prime factors of r.
2, 109
Suppose -s = -2*o - 35, -5*o - 44 = -s + 36. Let f be 6*(-5)/o*(-2 - 1). What are the prime factors of (-2)/f + (-112)/(-6)?
19
Suppose -5445 = m - 31381. List the prime factors of m.
2, 1621
Let p(m) be the first derivative of 3*m**2 - 63*m - 37. Let f be p(11). Suppose -f*o + 694 = 148. What are the prime factors of o?
2, 7, 13
Let p = -31970 - -103869. List the prime factors of p.
71899
Let f(c) = -c**2 - c + 8. Suppose s + 3 = -3*o - 12, s = -5*o - 23. Let p be f(s). Suppose p*k = 7*k - 760. What are the prime factors of k?
2, 19
Suppose -g + 5*j + 65 = 4*j, g - 35 = -5*j. Suppose -7 = -61*o + g*o. Let w = o - -176. What are the prime factors of w?
3, 61
Let s(z) = -16*z + 116. Let l be s(7). Suppose 0 = 3*m - 7*m - 4*n + 1008, l*n = 5*m - 1215. What are the prime factors of m?
13, 19
What are the prime factors of ((-972)/14)/(3524/588 - 6)?
2, 3, 7
Suppose -8215*p = -8214*p - 28888. List the prime factors of p.
2, 23, 157
Let b(h) = 2*h**2 - 16*h - 19. Let c be b(10). Suppose c*f = 15*f + 8298. What are the prime factors of f?
3, 461
Suppose -567*z = -587*z + 21500. What are the prime factors of z?
5, 43
Let s(t) = t**2 - 17*t + 72. Let a be s(8). Suppose a = -d - 5*z + 1377, 4*d - 4*z - 181 - 5255 = 0. List the prime factors of d.
2, 3, 227
Let f = -11406 - -33989. What are the prime factors of f?
11, 2053
Suppose 0 = 25*p + 5*p - 120. Suppose -4*w + 5*g + 3681 = 0, -5*w = p*g - 2865 - 1767. List the prime factors of w.
2, 3, 7, 11
Let y(j) = -j**2 - 13*j - 12. Suppose 3*a + 0*a = -15, -3*l + 4*a = -26. Let s be 2 + l*-1 + 70/(-7). What are the prime factors of y(s)?
2, 3
Suppose 0*i = -2*x + 4*i + 444, 2*x + 3*i = 451. Let d(c) = 115*c**2 + c. Let p be d(1). Let s = x - p. List the prime factors of s.
2, 3
Suppose -2*s + d + 9470 = 0, -3*d - d = 0. What are the prime factors of s?
5, 947
Let a = -21 - -7. Let q = 304 + a. List the prime factors of q.
2, 5, 29
Let y be -5*1*(-7 - -2). Suppose p + 5*z = -0*p + y, p - 4*z + 11 = 0. Suppose 7*j = p*j + 314. What are the prime factors of j?
157
Let m(x) = -5*x + 8. Let k(w) = -w**2 - 15*w - 10. Let s be k(-14). Suppose -24*q = -23*q + s. What are the prime factors of m(q)?
2, 7
Suppose 5*x = 5*j - 175, 2*j + x + 3*x - 46 = 0. Suppose 21*b + 10450 = j*b. List the prime factors of b.
5, 11, 19
Suppose g = 2*a - 192, 4*a = -2*g + 5*g + 382. Let w = 0 + a. Let j = w - 25. List the prime factors of j.
2, 3
Suppose 3*d - 80 = 7*d + 5*q, d - 5*q - 5 = 0. Let r = 85 + d. Let n = r + 9. What are the prime factors of n?
79
Suppose 0 = h + 4*t - 4972, 8*t = 4*t + 28. List the prime factors of h.
2, 3, 103
Suppose 41*w - 22 = 101. List the prime factors of 5008/10*w*75/90.
2, 313
Suppose 0 = 2*g + m + 5, 2*m = -2*g + 5 - 7. What are the prime factors of ((-2)/(g/(-1266)))/((-15)/45)?
3, 211
Let u(b) = 2*b**2 + 30*b + 25. Let m be u(-16). Suppose z + m = 360. What are the prime factors of z?
3, 101
Let n = 12 + -10. Suppose 3*v + n = 4*v. What are the prime factors of (-1)/v + (-556)/(-8)?
3, 23
Let j(l) = 2*l**3 - 19*l**2 - 28*l - 35. Let p(b) = -3*b**3 + 20*b**2 + 29*b + 33. Let y(v) = -4*j(v) - 3*p(v). List the prime factors of y(-13).
223
Let x(a) = a**2 + 23*a. Let w be x(-23). Suppose w = -4*j + 6*j - 510. What are the prime factors of j?
3, 5, 17
Let x(z) = 505*z + 5733. What are the prime factors of x(0)?
3, 7, 13
Let t(o) = 2*o + 14. Let b be t(-5). Suppose -5*x = b*y - 1569, y - 3*x - 405 = -0*y. What are the prime factors of y?
2, 3, 11
Let i(s) be the second derivative of 41*s**4/12 - 2*s**3/3 + s**2 - 6*s. Suppose -10*n + 9 + 11 = 0. What are the prime factors of i(n)?
2, 79
Suppose 0 = 2*m + 2*m, 0 = -c + m - 32. Let b = 146 - c. Suppose 0*s - 2*q - b = -s, -3*s = -3*q - 531. List the prime factors of s.
2, 11
Let n(d) = d**3 - 10*d**2 - 15*d + 1. Let l be n(10). Suppose -2*r + 95 + 415 = 0. Let z = l + r. List the prime factors of z.
2, 53
Let n(p) = 1022*p - 28. Let c be n(6). Let j = -4204 + c. Suppose 4*u - j = -6*u. List the prime factors of u.
2, 5, 19
Let y(u) = 57*u**2 + 8*u + 6. Let t = 476 - 478. List the prime factors of y(t).
2, 109
Suppose -81*z - 137544 = -93*z. List the prime factors of z.
2, 11, 521
List the prime factors of (1 - 9762/9)*(76 + -79).
3251
Suppose -12*o + 15 = -7*o. Suppose o*r + 33 = b - 0*r, -r = -2. Let y = 43 - b. What are the prime factors of y?
2
Suppose 11*c = 49*c - 260870. What are the prime factors of c?
5, 1373
Let d = -1748 + 5907. What are the prime factors of d?
4159
Let m(f) = f**3 + 12*f**2 - 17*f - 16. Let n = -26 - -20. Let u be 136/(-10) + (-1)/(10/n). What are the prime factors of m(u)?
2, 3
Suppose 47073 - 382109 = -68*k. What are the prime factors of k?
13, 379
Let j = 47 + -43. Suppose 204 = j*q - 4*r + 8*r, -3*q = 5*r - 157. Let b = q - 23. What are the prime factors of b?
2, 13
Suppose -225*w = -578823 - 5864277. What are the prime factors of w?
2, 7159
Let n(x) = x**2 + 2*x - 2. Let c be n(-3). Let v(h) = -5*h + 58*h + 24*h + 33*h - h. List the prime factors of v(c).
109
Suppose 7*o - 12*o = -30. Let n be (-1934)/(-8) + o/24. Suppose -3*i + 5*x = -n, 2*x + 3*x = 5*i - 410. List the prime factors of i.
2, 3, 7
Let l = -4 - -4. Suppose -3*d + 9*y - 368 = 4*y, 2*y + 4 = l. What are the prime factors of d/(((-4)/(-2))/(-5 - -3))?
2, 3, 7
Suppose -5*g + 3*c - 12 = 0, 2*g + 7 = g - 4*c. What are the prime factors of (1 + 3 + -6 - g)*407?
11, 37
Let z = -368 - -199. Let y = 395 + z. List the prime factors of y.
2, 113
Let h(q) = 37*q - 13. Let i(f) = 149*f - 53. Let m(p) = 9*h(p) - 2*i(p). Suppose -4*z = 10*z - 84. What are the prime factors of m(z)?
199
Let v(y) = -63*y + 168*y - 266*y - 124. List the prime factors of v(-4).
2, 5, 13
Suppose -6*a + 113835 = -6*l + 9*l, 5*a + 189605 = 5*l. What are the prime factors of l?
3, 47, 269
Let l = 152 - 100. Let c be l*(-8 - -7)/((-1)/(-1)). What are the prime factors of (c/(-65))/((-2)/(-580))?
2, 29
Let k be -25 + 29 - (2 - 4*1). Let b(z) = z**3 + 8*z**2 - 18. What are the prime factors of b(k)?
2, 3
Let i(u) = 2*u - 55. Let z be i(23). What are the prime factors of 249/z*(-42)/14?
83
Suppose -8227*l + 8213*l = -203574. List the prime factors of l.
3, 37, 131
Suppose 0 = -z + 5*x - 10, -4*z - x = -0*x - 44. Let n(i) = 4 + 5230*i - 5223*i - 26. List the prime factors of n(z).
2, 3
Suppose 19*h - 55315 = 14*h + o, -55290 = -5*h - 4*o. What are the prime factors of h?
2, 5531
Suppose k = -4*g + 2*k - 744, 3*g = -3*k - 543. Let l = 541 + g. List the prime factors of l.
2, 89
Let s = 668 + 510. Let n = -404 + s. List the prime factors of n.
2, 3, 43
Suppose 0*p - 2*p = 0. Suppose p = 11*f - 4634 - 4650. List the prime factors of f.
2, 211
Let m = -7 - -15. Suppose -m*l = -2*l - 54. What are the prime factors of 3 - l/(-1 - 0)?
2, 3
Let l(w) = w**3 + 3*w**2 - 296*w + 24. List the prime factors of l(24).
2, 3, 353
Let u(t) = 44*t. Let y be u(4). Suppose 0 = 46*k + 347 + 5035. Let z = y + k. What